{"id":3989,"date":"2021-06-17T18:41:29","date_gmt":"2021-06-17T18:41:29","guid":{"rendered":"http:\/\/localhost\/wp\/omina\/?post_type=product&#038;p=3989"},"modified":"2023-05-23T15:43:24","modified_gmt":"2023-05-23T15:43:24","slug":"panceta_ahumada_de_cerdo","status":"publish","type":"product","link":"https:\/\/fundacioncoloniapirai.org\/tienda\/producto\/panceta_ahumada_de_cerdo\/","title":{"rendered":"Panceta Ahumada de Cerdo"},"content":{"rendered":"<div class=\"row flex-middle-sm\">\n<div class=\"col-sm-6 col-lg-6 col-xs-12\"><\/div>\n<div class=\"col-sm-6 col-lg-6 col-xs-12\"><strong>Descripci\u00f3n:<\/strong><\/div>\n<div class=\"col-sm-6 col-lg-6 col-xs-12\">Producto c\u00e1rnico cocido y ahumado. Elaborado de la panceta de cerdo.<\/div>\n<div><\/div>\n<div class=\"col-sm-6 col-lg-6 col-xs-12\"><strong>Presentaci\u00f3n:<\/strong><\/div>\n<div class=\"col-sm-6 col-lg-6 col-xs-12\">Al vac\u00edo, pieza de 4 Kg. Aprox. \/ Empaque: Bolsa termo contra\u00edble.<\/div>\n<div><\/div>\n<div class=\"col-sm-6 col-lg-6 col-xs-12\"><strong>Vida \u00datil<\/strong><\/div>\n<div class=\"col-sm-6 col-lg-6 col-xs-12\">En su empaque original y bajo condiciones adecuadas de almacenamiento el producto posee una duraci\u00f3n sanitaria hasta 45 d\u00edas. Una vez abierto el envase, el producto debe consumirse m\u00e1ximo en tres d\u00edas.<\/div>\n<div><\/div>\n<div class=\"col-sm-6 col-lg-6 col-xs-12\"><strong>Modo de Conservaci\u00f3n:<\/strong><\/div>\n<div class=\"col-sm-6 col-lg-6 col-xs-12\">Mantener en refrigeraci\u00f3n con una temperatura de 0-5\u00b0C, con una humedad relativa entre 85-90%.<\/div>\n<\/div>\n","protected":false},"excerpt":{"rendered":"<div class=\"col-sm-6 col-lg-6 col-xs-12\"><strong>Descripci\u00f3n:<\/strong><\/div>\n<div class=\"col-sm-6 col-lg-6 col-xs-12\">Producto c\u00e1rnico cocido y ahumado. Elaborado de la panceta de cerdo.<\/div>\n","protected":false},"featured_media":5679,"comment_status":"open","ping_status":"closed","template":"","meta":{"_et_pb_use_builder":"off","_et_pb_old_content":"<div class=\"row flex-middle-sm\">\r\n<div class=\"col-sm-6 col-lg-6 col-xs-12\"><\/div>\r\n<div class=\"col-sm-6 col-lg-6 col-xs-12\">\r\n\r\n<strong>Descripci\u00f3n:<\/strong>\r\nProducto c\u00e1rnico cocido y ahumado.\r\nElaborado de la panceta de cerdo, sal y aditivos de uso permitido.\r\n\r\n<strong>Presentaci\u00f3n:<\/strong>\r\nAl vac\u00edo, pieza de 4 Kg. Aprox. \/ Empaque: Bolsa termo contra\u00edble.\r\n\r\n<strong>Vida \u00datil<\/strong>\r\nEn su empaque original y bajo condiciones adecuadas de almacenamiento el producto posee una duraci\u00f3n sanitaria hasta 45 d\u00edas. Una vez abierto el envase, el producto debe consumirse m\u00e1ximo en tres d\u00edas.\r\n\r\n<strong>Modo de Conservaci\u00f3n:<\/strong>\r\nMantener en refrigeraci\u00f3n con una temperatura de 0-5\u00b0C, con una humedad relativa entre 85-90%.\r\n\r\n<\/div>\r\n<\/div>","_et_gb_content_width":""},"product_brand":[],"product_cat":[31],"product_tag":[],"class_list":{"0":"post-3989","1":"product","2":"type-product","3":"status-publish","4":"has-post-thumbnail","6":"product_cat-ahumados_colonia","7":"pa_peso-1-barra-4kg-aprox","8":"pa_peso-1kg","9":"pa_peso-250gr","10":"pa_peso-500gr","11":"pa_peso-750gr","13":"first","14":"instock","15":"shipping-taxable","16":"purchasable","17":"product-type-variable","18":"berocket_lgv_grid","19":"berocket_lgv_list_grid"},"_links":{"self":[{"href":"https:\/\/fundacioncoloniapirai.org\/tienda\/wp-json\/wp\/v2\/product\/3989","targetHints":{"allow":["GET"]}}],"collection":[{"href":"https:\/\/fundacioncoloniapirai.org\/tienda\/wp-json\/wp\/v2\/product"}],"about":[{"href":"https:\/\/fundacioncoloniapirai.org\/tienda\/wp-json\/wp\/v2\/types\/product"}],"replies":[{"embeddable":true,"href":"https:\/\/fundacioncoloniapirai.org\/tienda\/wp-json\/wp\/v2\/comments?post=3989"}],"wp:featuredmedia":[{"embeddable":true,"href":"https:\/\/fundacioncoloniapirai.org\/tienda\/wp-json\/wp\/v2\/media\/5679"}],"wp:attachment":[{"href":"https:\/\/fundacioncoloniapirai.org\/tienda\/wp-json\/wp\/v2\/media?parent=3989"}],"wp:term":[{"taxonomy":"product_brand","embeddable":true,"href":"https:\/\/fundacioncoloniapirai.org\/tienda\/wp-json\/wp\/v2\/product_brand?post=3989"},{"taxonomy":"product_cat","embeddable":true,"href":"https:\/\/fundacioncoloniapirai.org\/tienda\/wp-json\/wp\/v2\/product_cat?post=3989"},{"taxonomy":"product_tag","embeddable":true,"href":"https:\/\/fundacioncoloniapirai.org\/tienda\/wp-json\/wp\/v2\/product_tag?post=3989"}],"curies":[{"name":"wp","href":"https:\/\/api.w.org\/{rel}","templated":true}]}}